
54
Calculate the remainder when 2793200 is divided by 108.
104
What is the remainder when 21893 is divided by 20889?
1004
Calculate the remainder when 70439 is divided by 296.
287
Calculate the remainder when 210401 is divided by 210373.
28
Calculate the remainder when 1306318 is divided by 295.
58
What is the remainder when 31604721 is divided by 6572?
6545
Calculate the remainder when 1580967 is divided by 1047.
1044
What is the remainder when 160080 is divided by 160080?
0
What is the remainder when 4206461 is divided by 2039?
4
What is the remainder when 270121 is divided by 5194?
33
Calculate the remainder when 287164 is divided by 7552.
188
What is the remainder when 1119384 is divided by 58900?
284
What is the remainder when 3582723 is divided by 597086?
207
What is the remainder when 1302297 is divided by 71?
15
Calculate the remainder when 1045995828 is divided by 1606.
1604
Calculate the remainder when 542204338 is divided by 180734779.
1
Calculate the remainder when 93017 is divided by 303.
299
What is the remainder when 171940 is divided by 820?
560
Calculate the remainder when 491191 is divided by 5420.
3391
Calculate the remainder when 38375658 is divided by 37.
35
Calculate the remainder when 5682843 is divided by 1092.
75
What is the remainder when 386959 is divided by 1672?
727
Calculate the remainder when 479038 is divided by 921.
118
Calculate the remainder when 50656 is divided by 2294.
188
Calculate the remainder when 111793 is divided by 3193.
38
Calculate the remainder when 70468 is divided by 35166.
136
Calculate the remainder when 297574 is divided by 2946.
28
What is the remainder when 42011103 is divided by 363?
24
What is the remainder when 5840956 is divided by 496?
60
What is the remainder when 981245 is divided by 55?
45
What is the remainder when 48861 is divided by 1041?
975
Calculate the remainder when 185538 is divided by 23.
20
Calculate the remainder when 77398 is divided by 225.
223
Calculate the remainder when 15467402 is divided by 1288946.
50
What is the remainder when 1689533 is divided by 37545?
8
What is the remainder when 6415 is divided by 1159?
620
Calculate the remainder when 405623 is divided by 101396.
39
What is the remainder when 1309840621 is divided by 111?
106
Calculate the remainder when 3673919 is divided by 16.
15
What is the remainder when 33466412 is divided by 41?
39
What is the remainder when 469420 is divided by 263?
228
Calculate the remainder when 37895212 is divided by 14.
12
Calculate the remainder when 1283923 is divided by 3547.
3456
Calculate the remainder when 9036 is divided by 5758.
3278
Calculate the remainder when 1094346 is divided by 302.
200
What is the remainder when 15266560 is divided by 6606?
94
Calculate the remainder when 2931363 is divided by 167.
12
Calculate the remainder when 370864 is divided by 33712.
32
What is the remainder when 1853796 is divided by 18695?
2991
Calculate the remainder when 2135091 is divided by 833.
112
Calculate the remainder when 188206 is divided by 93286.
1634
Calculate the remainder when 3126175 is divided by 2177.
3
Calculate the remainder when 19916 is divided by 510.
26
What is the remainder when 7768085 is divided by 2974?
2971
Calculate the remainder when 47030873 is divided by 51.
50
What is the remainder when 21040148 is divided by 11?
8
Calculate the remainder when 28889 is divided by 8915.
2144
Calculate the remainder when 1320513 is divided by 13.
12
Calculate the remainder when 1088029 is divided by 9231.
8002
Calculate the remainder when 18319 is divided by 417.
388
Calculate the remainder when 5456874 is divided by 143.
137
What is the remainder when 28188032 is divided by 19?
12
Calculate the remainder when 203533878 is divided by 11.
9
What is the remainder when 47833921 is divided by 1322?
1317
What is the remainder when 8787594 is divided by 209?
189
Calculate the remainder when 420533 is divided by 372.
173
Calculate the remainder when 51533514 is divided by 2694.
2682
Calculate the remainder when 224269 is divided by 224264.
5
What is the remainder when 3621598 is divided by 613?
607
Calculate the remainder when 10664821 is divided by 132.
13
Calculate the remainder when 279224733 is divided by 139612359.
15
What is the remainder when 6561919 is divided by 775?
769
Calculate the remainder when 2264716 is divided by 389.
347
Calculate the remainder when 6949988 is divided by 125.
113
What is the remainder when 321500 is divided by 160711?
78
Calculate the remainder when 271440 is divided by 2243.
37
Calculate the remainder when 793461 is divided by 793443.
18
Calculate the remainder when 3157852 is divided by 48582.
22
Calculate the remainder when 20041 is divided by 489.
481
What is the remainder when 1205212 is divided by 844?
824
What is the remainder when 1059888 is divided by 6502?
62
Calculate the remainder when 4556432 is divided by 7829.
7783
Calculate the remainder when 866191 is divided by 12372.
151
What is the remainder when 3714142 is divided by 150?
142
Calculate the remainder when 55198161 is divided by 18399368.
57
Calculate the remainder when 24949245 is divided by 2268107.
68
What is the remainder when 122427 is divided by 182?
123
Calculate the remainder when 1320660 is divided by 290.
0
What is the remainder when 461501 is divided by 351?
287
What is the remainder when 44674 is divided by 14641?
751
Calculate the remainder when 84997 is divided by 84722.
275
Calculate the remainder when 755163 is divided by 377581.
1
Calculate the remainder when 202545 is divided by 18311.
1124
Calculate the remainder when 218340 is divided by 51.
9
Calculate the remainder when 22262858 is divided by 36024.
26
What is the remainder when 484150 is divided by 1349?
1208
Calculate the remainder when 260658 is divided by 1405.
733
Calculate the remainder when 306001 is divided by 848.
721
Calculate the remainder when 52808031 is divided by 245.
241
What is the remainder when 3614642 is divided by 3614623?
19
Calculate the remainder when 182128 is divided by 703.
51
What is the remainder when 57832505 is divided by 191?
188
What is the remainder when 52263004 is divided by 157?
59
What is the remainder when 3536280 is divided by 48?
24
What is the remainder when 22609725 is divided by 1244?
25
What is the remainder when 9297086 is divided by 3099022?
20
What is the remainder when 2192503 is divided by 201?
196
What is the remainder when 4887371 is divided by 180998?
425
What is the remainder when 558031050 is divided by 68?
66
What is the remainder when 542177 is divided by 5420?
177
What is the remainder when 278680 is divided by 1356?
700
What is the remainder when 4572395 is divided by 1292?
7
What is the remainder when 9750477 is divided by 9750451?
26
What is the remainder when 920793 is divided by 1558?
15
Calculate the remainder when 246371 is divided by 712.
19
Calculate the remainder when 107407556 is divided by 49.
46
Calculate the remainder when 360628734 is divided by 3328.
3326
Calculate the remainder when 1535764 is divided by 778.
770
What is the remainder when 17974414 is divided by 37?
36
What is the remainder when 291655427 is divided by 34?
27
Calculate the remainder when 1377506 is divided by 458952.
650
What is the remainder when 1846959 is divided by 20?
19
Calculate the remainder when 23087744 is divided by 39.
17
What is the remainder when 89450207 is divided by 96?
95
Calculate the remainder when 75827 is divided by 1045.
587
What is the remainder when 1218651 is divided by 6969?
6045
What is the remainder when 1257435 is divided by 232?
227
Calculate the remainder when 91351862 is divided by 45675931.
0
Calculate the remainder when 2798709 is divided by 332.
281
What is the remainder when 1104805 is divided by 624?
325
What is the remainder when 933856 is divided by 466910?
36
Calculate the remainder when 3535060 is divided by 7858.
6818
What is the remainder when 4158472 is divided by 1039599?
76
What is the remainder when 335841 is divided by 164?
133
What is the remainder when 42158794 is divided by 999?
994
What is the remainder when 393645 is divided by 28?
21
What is the remainder when 476478987 is divided by 8091?
8088
Calculate the remainder when 1490157 is divided by 210.
20